**2 + 14 + i*y. Calculate the remainder when m(9) is divided by 48.
46
Suppose 27*j - 2*j - 6409 = -4*j. Calculate the remainder when 814 is divided by j.
151
Suppose 93*b + 2272 = -24*b + 6952. What is the remainder when 829 is divided by b?
29
Suppose 930 = 4*q + 98. Let p(t) = -354*t - 9189. What is the remainder when q is divided by p(-26)?
13
Let k(g) = g**2 + 3*g - 6. Let j be k(-5). Suppose -j*f = t - 4, -f - t - 3 = -7. Calculate the remainder when (-878)/(-12) - (f - 4/(-24)) is divided by 26.
21
Suppose 0*y = 6*y + 43 - 1447. Calculate the remainder when y is divided by 65.
39
Let k = 11018 - 10872. Calculate the remainder when 170 is divided by k.
24
Suppose z - 13 = 9. Suppose 3*o = -3*l + 45, -5*l + 9*l + 5*o - 63 = 0. What is the remainder when z is divided by l?
10
Let g = 106 + -106. Let u be -60*((-1 - 0) + g/6). Suppose -3*a = a - 4*x - 36, -5*a = -2*x - u. What is the remainder when 109 is divided by a?
11
Suppose -3*j = -4*v + 116, -5*j + 9*j + 159 = v. Suppose 4*x = -0*x + 4*n + 56, 5*n + 28 = 2*x. Let u = x - j. What is the remainder when u is divided by 15?
9
Suppose 0 = -22*b + 264 + 264. Suppose 16*p = b*p - 64. Calculate the remainder when 116 is divided by p.
4
Calculate the remainder when (32/6)/((-2)/(-42)) is divided by ((-12)/(-16)*-2)/(1413/360 + -4).
12
Let c = -11026 - -14687. Calculate the remainder when c is divided by 37.
35
Let t = -158 + 156. Let v(x) = 12*x**2 + 9*x + 4. Calculate the remainder when 131 is divided by v(t).
29
Suppose t + f + 356 = 5*t, 4*t + 2*f - 356 = 0. Let x = -222 + t. Let p = -103 - x. Calculate the remainder when 239 is divided by p.
29
Suppose 0 = -4*p + 4, 2*a + 2*p - 2474 = 0. Suppose 2*m - a = -4*m. Calculate the remainder when m is divided by 52.
50
Suppose 5*b + 12*k - 15*k = 17740, k - 5 = 0. Calculate the remainder when b is divided by 111.
110
Let v = 48 + -44. Let g be v/(0 - 4) - -3. Suppose 3 = -l - 5*y, 0*l + g*y + 59 = 3*l. What is the remainder when 31 is divided by l?
14
Let k = 284 - 495. Let g = k - -305. Let j = 11 + 8. Calculate the remainder when g is divided by j.
18
Let a(o) = -o**2 + 187*o - 900. Suppose -h - 15 = -4*h. Suppose 50 + 9 = 4*s - h*y, -4*s + 68 = 4*y. What is the remainder when s is divided by a(5)?
6
Let q(f) = -21*f - 2*f**2 - f**3 + 1 + 19*f - 5. Let d be q(-2). Suppose -2*m + 25 = 3*m, 3*t + 2*m - 55 = d. What is the remainder when 43 is divided by t?
13
Let k = -84 + 39. Let t be k*(30/(-9) + 3)*2. What is the remainder when 55 is divided by -30*(28/t)/7*-3?
7
Calculate the remainder when ((66/12)/(75/350))/(2/42) is divided by 80.
59
Let v(d) = 41*d**2 - 14*d - 13. Let t = 9 - -2. Let l = 71 + t. What is the remainder when l is divided by v(-1)?
40
Let r = -11 - 2. Let b(p) = -p**2 - 7*p + 33. Calculate the remainder when r/(-2) + (-3)/6 is divided by b(-10).
0
Suppose -10*i = -5*i - 75. Suppose -2*v = -1 + i. Let o(g) = g**3 + 5*g**2 - 15*g + 6. Calculate the remainder when 47 is divided by o(v).
8
Suppose -1467 = 68*x - 77*x. What is the remainder when x is divided by 74?
15
Suppose 6*r = 2*r - 3*h + 21, r + 2*h = 4. Calculate the remainder when 6/4*(13 - 414/27)*-10 is divided by r.
5
Let j = -14 - -21. Suppose 0 = -5*y - 2*u + 5, 3*y + 1 = -4*u - 10. Let b = 42 - y. What is the remainder when b is divided by j?
4
What is the remainder when (-2590)/14*3/(-5) + 7 is divided by 12?
10
Let g = 7499 + -7277. What is the remainder when g is divided by 62?
36
Let f = 6061 - 5751. What is the remainder when f is divided by 92?
34
Let u(w) = -w**3 + 12*w**2 + 30*w - 25. Let q be u(14). Suppose q*l + c = 112, 15 = l + 3*c - 25. What is the remainder when 220 is divided by l?
35
Let g = 43 - 46. Let q(i) = 2*i + 6. Let r be q(g). What is the remainder when 12 is divided by (-1 - -5) + r - -4?
4
Suppose -l - 1 = 3. Suppose 4*z - 37 = -5. Calculate the remainder when (l + -11)/(-3) - -25 is divided by z.
6
Suppose -394*x = 502 - 1110 - 968. What is the remainder when 499 is divided by x?
3
Let y be 2/((-8)/114)*2064/(-72). Let j = y - 637. What is the remainder when j is divided by 37?
32
Suppose 0 = 4*j - 4411 + 787. What is the remainder when j is divided by (5 - (2700/40)/45)*(-1 - -11)?
31
Suppose 205*d - 209*d - 26609 = -5*x, -4*d - 42560 = -8*x. What is the remainder when x is divided by 28?
25
Suppose 56*r = 41*r + 780. Calculate the remainder when 93 is divided by r.
41
Suppose -2*m - 1 = -m, -n - 4*m - 6 = 0. Calculate the remainder when 47 is divided by n + -1 + (-27)/(-7 + 4).
5
Suppose 5*h + 4*a - 304 = 0, 0 = -h + 7*a + 49 + 4. What is the remainder when h is divided by 10?
0
Suppose -q + 33 = -15. Let g(k) = -295*k - 4398. Calculate the remainder when q is divided by g(-15).
21
Let m(f) = f**3 - 19*f**2 - 3*f - 1356. What is the remainder when 1554 is divided by m(22)?
24
Suppose 472 = 4*q - 19*s + 23*s, 13*q + 5*s - 1534 = 0. Calculate the remainder when q is divided by (-9)/3*32/(-3).
22
Let p = -6534 - -6624. What is the remainder when 164 is divided by p?
74
Let f be -1 - 6 - -7 - -23. What is the remainder when 79 is divided by f + -2*(1 - 3)?
25
Let x(v) = -v**3 + 6*v**2 + 23*v + 8. Let m be x(8). Suppose -m - 26 = 3*y. Calculate the remainder when 54 is divided by y/(-5)*5/2.
9
Suppose -s - 7 + 4 = 4*c, -3*c - 3*s = 9. What is the remainder when 6/(-2)*130/(-6) is divided by 36 - (-1 + c - (-12)/4)?
31
Let h = -5029 + 5672. What is the remainder when h is divided by 90?
13
Suppose 28*n - 973 - 2232 - 5587 = 0. What is the remainder when n is divided by 17?
8
Let s = -7042 - -7136. What is the remainder when 286 is divided by s?
4
Let s be 2 - ((-1)/1 - -5) - -3. Calculate the remainder when (-27)/(-1) + 1 + s is divided by 78/5 + (-5)/50*-4.
13
Let i be 1465/4 + (-6)/(-24)*-1. Suppose -2766 = -20*u - i. What is the remainder when ((-3)/9)/((-2)/u) is divided by 12?
8
Suppose -3*a + 5*l = -4, 2*a - 7*a = 4*l + 18. Let i be (-2760)/(-16) + 3/a. Suppose 10*k - 119 = i. What is the remainder when 172 is divided by k?
27
Suppose -2*c - 1937*g + 1934*g + 2882 = 0, -2*c + 2854 = -4*g. What is the remainder when 2873 is divided by c?
3
Let k(g) = 5*g. Let v = 423613 + -423597. What is the remainder when k(5) is divided by v?
9
Let q = -3643 + 4304. What is the remainder when q is divided by 7?
3
Suppose -19699*i + 19716*i - 391 = 0. What is the remainder when 10186 is divided by i?
20
Suppose 0 = -64*a + 3268 + 9468. Calculate the remainder when a is divided by 118.
81
Let u(o) = o**3 - 49*o**2 - 104*o + 225. What is the remainder when 462 is divided by u(51)?
93
Suppose 0 = -10*j + 25 - 5. Suppose -2*f - j*x + 106 = 0, 2*f - 96 = 4*x + 16. What is the remainder when f is divided by 19?
16
Let n(w) = 11*w - 8. Suppose -16215 = 499*d - 546*d. What is the remainder when d is divided by n(6)?
55
Suppose -3*r - 3*i = -100 - 140, 4*r - 311 = 5*i. Let b(a) = -a**3 + 10*a**2 - 8*a - 22. Calculate the remainder when r is divided by b(8).
37
Let f(l) = -l**3 + 6*l**2 + 2*l. What is the remainder when 4/((-66)/(-55) - 2) + 50 is divided by f(6)?
9
Suppose -8463 = -35*u + 72*u - 35584. Calculate the remainder when u is divided by 124.
113
Let z = 433 - 220. What is the remainder when (4/6)/(2/z) is divided by (-54)/(-2)*(-23)/((-690)/20)?
17
Suppose -157*b + 108677 + 4478 = -2083. Calculate the remainder when b is divided by 84.
62
Suppose -4 = -3*t + 68. Let k(b) = 5*b**2 - 12*b + 7. What is the remainder when t is divided by k(3)?
8
Suppose 173 = -7*n - 95 + 317. What is the remainder when 4470 is divided by n?
4
Suppose 0 = -r + w + 30, 264 = -2*r - 4*w + 288. Let f = -27 + 111. Calculate the remainder when f is divided by r.
12
Suppose 7 = -2*c - 4*i + 3, 5*c - 4*i - 32 = 0. Suppose 0 = -3*q + 5*a + 44, -c*q - 3*a - 2 = -22. Calculate the remainder when q is divided by 2.
0
Suppose 31*v + 3616 = 35*v. Let z = -872 + v. Calculate the remainder when 447 is divided by z.
31
What is the remainder when (-66)/1*(-155)/465 is divided by 4?
2
Let z = 39 - 81. Suppose -2*h + 4 + 0 = 0, -5*g + 117 = -4*h. Let l = g - z. What is the remainder when l is divided by 23?
21
Suppose -x = -2*x + 17. Let q be ((-2 - -3) + 2)*19/3. Let a = q - x. What is the remainder when a is divided by 2?
0
Let p = -250 - -352. Let r(d) = -731 + 1408 - 708 + 4*d. Calcu